divide 10972?
False
Is 2034 a multiple of 98?
False
Does 17 divide 17442?
True
Is 3 a factor of 402?
True
Is 5250 a multiple of 125?
True
Is 1041 even?
False
Is 690 a multiple of 30?
True
Is 1118 even?
True
Is 262 a factor of 83445?
False
Does 33 divide 81048?
True
Does 22 divide 22000?
True
Does 95 divide 2170?
False
Is 267 a multiple of 46?
False
Is 47916 a multiple of 234?
False
Is 1168 a multiple of 16?
True
Is 4 a factor of 5492?
True
Is 592 a multiple of 5?
False
Is 3 a factor of 3009?
True
Is 31 a factor of 11669?
False
Does 3 divide 129?
True
Is 900 a multiple of 18?
True
Is 276 a multiple of 92?
True
Does 35 divide 1330?
True
Is 32 a multiple of 3?
False
Is 23023 a multiple of 167?
False
Is 21645 a multiple of 73?
False
Does 66 divide 66?
True
Does 11 divide 957?
True
Is 28 a factor of 436?
False
Is 14 a factor of 2162?
False
Is 14602 a multiple of 131?
False
Is 28 a factor of 1732?
False
Is 453 a multiple of 56?
False
Is 4224 a multiple of 4?
True
Is 33 a factor of 8059?
False
Is 19434 a multiple of 82?
True
Does 44 divide 1719?
False
Does 15 divide 286?
False
Is 21 a factor of 455?
False
Is 1444 a multiple of 76?
True
Is 64 a factor of 27904?
True
Is 78087 a multiple of 38?
False
Does 12 divide 684?
True
Is 7219 a multiple of 73?
False
Is 392 a multiple of 28?
True
Does 13 divide 707?
False
Is 9 a factor of 2745?
True
Does 127 divide 5508?
False
Is 57401 a multiple of 61?
True
Is 17 a factor of 30523?
False
Is 864 a multiple of 96?
True
Is 8 a factor of 3496?
True
Is 3420 a multiple of 18?
True
Is 3600 a multiple of 60?
True
Does 104 divide 832?
True
Is 11 a factor of 49293?
False
Is 103 a factor of 15299?
False
Is 8 a factor of 1216?
True
Does 11 divide 324?
False
Is 228 a multiple of 4?
True
Does 25 divide 253?
False
Is 16 a factor of 484?
False
Is 2029 a multiple of 13?
False
Is 38 a factor of 245?
False
Does 2 divide 4657?
False
Does 59 divide 867?
False
Does 21 divide 4011?
True
Is 21 a factor of 365?
False
Is 72 a factor of 8000?
False
Does 48 divide 1783?
False
Does 87 divide 609?
True
Does 9 divide 1329?
False
Does 16 divide 2314?
False
Is 121 a factor of 73205?
True
Is 3 a factor of 81?
True
Is 5265 a multiple of 15?
True
Is 232 a factor of 2973?
False
Does 10 divide 1751?
False
Is 9694 a multiple of 131?
True
Is 7 a factor of 3265?
False
Does 4 divide 716?
True
Is 175 a multiple of 8?
False
Is 13283 a multiple of 11?
False
Is 22942 a multiple of 8?
False
Is 70 a factor of 1050?
True
Is 39 a factor of 16735?
False
Does 12 divide 246?
False
Is 62103 a multiple of 98?
False
Is 9 a factor of 3624?
False
Is 58766 a multiple of 44?
False
Is 3440 a multiple of 40?
True
Does 3 divide 611?
False
Is 273 a multiple of 82?
False
Is 92 a multiple of 11?
False
Is 2541 a multiple of 12?
False
Is 21 a factor of 105?
True
Is 46 a factor of 452?
False
Does 44 divide 46508?
True
Does 227 divide 43130?
True
Is 163 a factor of 4564?
True
Is 9373 a multiple of 15?
False
Does 69 divide 1518?
True
Is 51423 a multiple of 24?
False
Is 984 a multiple of 24?
True
Is 4453 a multiple of 115?
False
Does 13 divide 6864?
True
Does 26 divide 884?
True
Is 87920 a multiple of 14?
True
Does 65 divide 2908?
False
Is 3090 a multiple of 10?
True
Is 1311 a multiple of 23?
True
Is 54 a factor of 2052?
True
Does 21 divide 765?
False
Is 3570 a multiple of 8?
False
Is 40 a factor of 2987?
False
Does 5 divide 6960?
True
Is 21 a factor of 163?
False
Is 3136 a multiple of 3?
False
Does 23 divide 222?
False
Is 13932 a multiple of 12?
True
Does 25 divide 84050?
True
Is 10 a factor of 24?
False
Is 18 a factor of 25799?
False
Is 27 a factor of 33021?
True
Does 33 divide 34887?
False
Is 12644 a multiple of 58?
True
Does 20 divide 947?
False
Is 87957 a multiple of 15?
False
Is 268 a factor of 112297?
False
Does 36 divide 936?
True
Does 24 divide 954?
False
Is 31 a multiple of 5?
False
Is 156 a factor of 65314?
False
Is 861 a multiple of 15?
False
Is 12 a factor of 12684?
True
Is 12 a factor of 3164?
False
Is 75 a multiple of 15?
True
Is 32 a factor of 1184?
True
Does 58 divide 483?
False
Is 73 a multiple of 39?
False
Is 525 a multiple of 75?
True
Is 12 a factor of 720?
True
Does 4 divide 18545?
False
Does 17 divide 34157?
False
Is 5301 a multiple of 57?
True
Is 65 a multiple of 3?
False
Does 8 divide 7032?
True
Does 10 divide 891?
False
Does 91 divide 4495?
False
Does 37 divide 5180?
True
Is 3 a factor of 587?
False
Is 38 a factor of 96140?
True
Does 6 divide 410?
False
Is 2812 a multiple of 76?
True
Is 2 a factor of 374?
True
Is 7 a factor of 827?
False
Does 19 divide 1805?
True
Is 3124 a multiple of 2?
True
Does 27 divide 972?
True
Is 20 a factor of 1380?
True
Does 65 divide 2155?
False
Is 4 a factor of 127?
False
Is 12616 a multiple of 19?
True
Does 9 divide 531?
True
Is 24 a factor of 10901?
False
Does 31 divide 54622?
True
Does 52 divide 3413?
False
Is 9 a factor of 774?
True
Is 39209 a multiple of 145?
False
Does 6 divide 3562?
False
Does 90 divide 25200?
True
Is 304 a multiple of 6?
False
Does 14 divide 4914?
True
Is 78 a factor of 1027?
False
Is 26 a factor of 260?
True
Does 17 divide 3477?
False
Is 22 a factor of 666?
False
Is 600 a multiple of 14?
False
Is 23 a factor of 94346?
True
Does 385 divide 40903?
False
Does 13 divide 5993?
True
Does 23 divide 1901?
False
Is 93 a factor of 33872?
False
Does 201 divide 28542?
True
Is 2203 a multiple of 73?
False
Does 2 divide 5?
False
Does 103 divide 309?
True
Is 8 a factor of 13328?
True
Is 50468 a multiple of 15?
False
Is 15 a factor of 4053?
False
Is 31 a factor of 651?
True
Does 12 divide 1452?
True
Is 19 a factor of 65316?
False
Does 4 divide 21175?
False
Does 13 divide 7605?
True
Does 6 divide 314?
False
Is 10 a factor of 3366?
False
Does 241 divide 87242?
True
Is 2186 a multiple of 14?
False
Is 19 a factor of 25821?
True
Does 19 divide 770?
False
Does 13 divide 36501?
False
Is 9 a factor of 1284?
False
Is 4380 a multiple of 20?
True
Is 11567 a multiple of 43?
True
Does 78 divide 2262?
True
Does 80 divide 307?
False
Is 6 a factor of 1038?
True
Is 3096 a multiple of 8?
True
Is 1170 a multiple of 10?
True
Does 8 divide 7624?
True
Is 245 a multiple of 49?
True
Is 80444 a multiple of 13?
True
Is 1415 a multiple of 104?
False
Does 14 divide 30153?
False
Is 5616 a multiple of 54?
True
Is 52 a factor of 2218?
False
Is 391 a multiple of 22?
False
Is 21879 a multiple of 17?
True
Does 132 divide 8844?
True
Is 494 a multiple of 14?
False
Is 421 a multiple of 6?
False
Is 8 a factor of 2880?
True
Is 15 a factor of 19785?
True
Does 48 divide 13584?
True
Is 3129 a multiple of 21?
True
Is 58 a factor of 1334?
True
Does 17 divide 476?
True
Is 30 a multiple of 30?
True
Is 875 a multiple of 35?
True
Is 12 a multiple of 12?
True
Does 8 divide 296?
True
Is 3201 a multiple of 56?
False
Does 52 divide 2496?
True
Does 13 divide 18?
False
Is 14 a factor of 9939?
False
Is 3 a factor of 1287?
True
Is 39 a factor of 901?
False
Is 13 a factor of 14508?
True
Is 51 a factor of 459?
True
Does 26 divide 624?
True
Is 78 a factor of 1372?
False
Does 34 divide 2859?
False
Is 80 a factor of 1760?
True
Does 76 divide 1876?
False
Is 7035 a multiple of 54?
False
Does 22 divide 423?
False
Is 23219 a multiple of 7?
True
Is 5 a factor of 6613?
False
Is 256 a factor of 79360?
True
Does 46 divide 838?
False
Does 21 divide 15963?
False
Is 2141 a multiple of 6?
False
Is 33427 a multiple of 19?
False
Is 36 a factor of 9540?
True
Is 2001 a multiple of 23?
True
Does 4 divide 493?
False
Is 21404 a multiple of 124?
False
Does 27 divide 8273?
False
Is 48 a factor of 3589?
False
Is 4 a factor of 39590?
False
Is 32706 a multiple of 158?
True
Is 7 a factor of 3021?
False
Is 1221 a multiple of 33?
True
Does 14 divide 42?
True
Is 11 a factor of 48697?
True
Is 96 a multiple of 32?
True
Does 23 divide 79376?
False
Is 13 a factor of 64129?
True
Does 16 divide 23026?
False
Is 15 a factor of 780?
True
Does 61 divide 4149?
False
Is 16996 a multiple of 10?
False
Is 2334 a multiple of 3?
True
Is 3853 a multiple of 100?
False
Is 2297 a multiple of 91?
False
Is 9 a factor of 6939?
True
Does 49 divide 392?
True
Is 76 a multiple of 4?
True
Does 8 divide 864?
True
Does 3 divide 127?
False
Is 8662 a multiple of 71?
True
Is 93 a factor of 9207?
True
Is 11 a factor of 1055?
False
Is 38 a